). What is k(r)?
1
Suppose 0 = 98*g - 96*g - 40. Suppose -j - 4*t = -2*j - 2, -3*j = 2*t + g. Let p(r) = -r**2 - 6*r + 1. Give p(j).
1
Let w(i) be the third derivative of i**6/120 + 7*i**5/60 - 5*i**4/12 - 7*i**3/6 + 7*i**2 - 3. What is w(-8)?
9
Let b(r) be the third derivative of -r**4/2 - 18*r**2. Calculate b(2).
-24
Suppose -s = -3*h + 4*s + 14, 0 = -3*h + 3*s + 12. Let r(v) = -3 - 3*v**2 + 0*v**3 + 7*v - 6*v + h*v**3 - 2*v**3. Determine r(3).
0
Let b = 41 - 35. Let w(s) = 2*s**2 - 11*s + 9. Let l(d) = d**2 - 5*d + 4. Let u(k) = b*w(k) - 13*l(k). Determine u(-3).
-4
Let b(y) = y**3 + 2*y**2 - 4*y - 5. Let q be b(-3). Let m = 2 - q. Let d(r) = r**2 - 3*r - 1. Give d(m).
3
Let f(j) be the first derivative of -j**3 + j**2 + 3*j + 1. Let t = -8 + 12. Suppose 0 - 8 = t*r. Calculate f(r).
-13
Let j(s) = s**3 + 9*s**2 - 9*s + 7. Let o be j(-10). Let p(w) be the second derivative of w**4/12 + 2*w**3/3 + 3*w**2/2 - 62*w. Determine p(o).
0
Let p(u) be the second derivative of -5*u + 0 + 1/2*u**2 - 1/3*u**3. Let g be (-2 - 0) + 3 + -2. Calculate p(g).
3
Let y(r) = -r**3 - r - 3. Suppose 78 - 72 = -3*l. Calculate y(l).
7
Let k(j) = j + 1. Let y be k(2). Suppose -y*q = 3*a, 2*q + 15 = 5*q. Let u(t) be the third derivative of -t**5/60 - t**4/4 + 7*t**3/6 + t**2. What is u(a)?
12
Let s = -7 + 11. Suppose -s*c - 12 = -4. Let f(z) = -z + 1 - 21*z**3 + z**2 + 38*z**3 + z**2 - 15*z**3. Give f(c).
-5
Let y(a) = -10*a - 96. Let f(k) = -2*k - 25. Let u(b) = -11*f(b) + 3*y(b). What is u(-10)?
67
Let f = -80 + 83. Let v(j) be the third derivative of 0*j - 1/15*j**5 + 2*j**2 + 1/3*j**3 + 1/120*j**6 + 0 + 0*j**4. Calculate v(f).
-7
Let d(r) = 3*r - 125. Let f(k) = -k + 46. Let g(p) = 4*d(p) + 11*f(p). Determine g(-4).
2
Suppose 14 = 9*u - 7*u. Let j = -8 - -15. Let r(p) = -1 - j*p + 2*p + u*p. What is r(5)?
9
Let x = 178 - 168. Let n(z) = -z**3 + 10*z**2 + z - 6. Calculate n(x).
4
Let v(i) = -2*i**2 - 23*i - 4. Let g(n) = 3*n**2 + 25*n + 5. Let w(t) = -3*g(t) - 4*v(t). What is w(15)?
31
Let t(v) = -18*v + 7. Let x be t(0). Let a be (2 - 0/(-2)) + 0. Let r(j) = 2*j**2 - 3*j - 10 - a*j - j**2. Calculate r(x).
4
Suppose 62*h - 77*h = 15. Let s(q) = -23*q + 1. Determine s(h).
24
Suppose 9 = t + 2*t. Let i(w) = -6*w + 3. Let p(u) be the third derivative of u**4/4 - 2*u**3/3 + 4*u**2 - 32*u. Let h(o) = t*i(o) + 2*p(o). Give h(-1).
7
Let g(w) be the first derivative of -w**3/3 - 11*w**2/2 + 17*w - 3. Let t be g(-12). Let x(s) = -t + 0*s + 0*s**2 + 5*s**2 - 3*s**2 + 4*s. Give x(-4).
11
Let c(t) = t**3 - 2*t**2 - 7*t + 8. Let y be c(3). Let j(a) = -a. What is j(y)?
4
Let y(h) = -h**2 + 4*h - 1. Let c(r) = r**2 - 6*r - 8. Let a(g) = g**2 - 2. Let m be a(3). Let b be c(m). Let d be 5/((-3 + 2)*b). Calculate y(d).
-6
Let i(o) = -2*o - 1. Let p(s) be the first derivative of -s**4/4 + 5*s**3/3 + 3*s + 4. Let u be p(5). What is i(u)?
-7
Let i(r) be the third derivative of -r**6/120 + 11*r**5/60 + r**4/2 - 8*r**3/3 + 6*r**2 + 9*r. Determine i(12).
-16
Let j(q) = -q**3 - 16*q + 0*q**3 - 6*q**2 - 3 - 5*q**3 + 2*q**3 + 5*q**3. Calculate j(8).
-3
Let g(i) = i**3 - 6*i**2 + 2*i - 9. Let r be 4 + (-7 - 0) + 9. Calculate g(r).
3
Let n(k) = -k**2 + 4 - 2*k + 4*k + 0*k**2 + 8*k**3 + k - 6. Calculate n(1).
8
Suppose 4*r = -0*r - 96. Let h be -3 - (62/(-2) + 0). Let w = h + r. Let t(s) = -4*s + 2. Calculate t(w).
-14
Let o = 22 + -20. Suppose -o*n + 2*z = 3*z + 4, 4*n + 4 = -z. Let r(h) = -9*h + 2*h**2 + n*h - 4*h + 12*h. Calculate r(-2).
10
Let n be -2*-4*(-40)/64. Let b(w) = w**3 + 6*w**2 + 6*w - 1. Give b(n).
-6
Let g(l) = 2*l**3 + 16*l**2 - 19*l. Let a be g(-9). Let m(r) = r**2 - 11*r - 2. Determine m(a).
-20
Suppose -x + 16 - 4 = 4*h, -5*x = -2*h + 28. Let f be (h + 4 + -10)/1. Let t(p) = -2*p**2 - 2*p + 2. Give t(f).
-2
Let x(g) be the first derivative of 10*g + 1/4*g**4 - 7/3*g**3 + 5 - 1/2*g**2. Determine x(7).
3
Let n(u) be the first derivative of u**3/3 - u**2/2 + 3*u - 4. Let b be n(0). Let r = 8 - b. Let k(y) = -y + 5. Determine k(r).
0
Suppose 12*f + 9 = 13*f. Let t be ((-2)/4)/(f/(-36)). Let v(l) be the second derivative of l**3 - l**2 + 14*l. What is v(t)?
10
Let x(z) = z**2 - 7*z + 3. Suppose 0*j + 22 = 2*j - 4*f, -3*j + 5*f = -30. What is x(j)?
-7
Let w(v) be the third derivative of 0*v + 1/24*v**4 + 0*v**3 + 25*v**2 + 0 + 1/30*v**5. Determine w(1).
3
Suppose -2872*l + 2869*l = 0. Let d(f) = f - 16. Calculate d(l).
-16
Let n be (-30)/(-5) - (0 - 2)*-1. Let a(v) = v + n - 7 + 0*v. Calculate a(-7).
-10
Let f = 17 + -16. Let k be -2*f*(-25)/10. Let m(t) = -4*t + 5*t - 5*t**2 + 3 - 2 + t**3. Give m(k).
6
Let i(x) = 6 - x + x**2 - 6. Suppose -18 = -14*a + 5*a. Suppose -u + 5*m - 9 = 12, -12 = 4*u - a*m. What is i(u)?
2
Let m = -55 - -57. Let s be 0 + 1 - 7/(-2)*m. Let k(y) = y**2 - 8*y - 7. Calculate k(s).
-7
Let n(u) = 4*u - 12 - u + 8 - 2*u. Let g(l) = l**2 + 7*l + 3. Let j be g(-8). Let i = j - 11. What is n(i)?
-4
Let v(r) be the second derivative of r**3/3 + r**2/2 - 7*r. Let x = 5 + 4. Suppose 2*j = 4*g + 2, j = -4*g + 2*g + x. What is v(g)?
5
Suppose -5*s - 2*g + 34 = 0, -5 = 2*g - 9. Let a(r) = -r**3 + 7*r**2 - 5*r - 5. Calculate a(s).
1
Let x(o) = -2*o - o**2 + o**2 - o**2 - 1. Suppose -25 - 2 = -9*k. Calculate x(k).
-16
Let v(l) = 3*l**2 - 4*l + 1. Let t be v(2). Let g(y) = -t*y + 5*y + y. Give g(-2).
-2
Suppose 2*y + 15 = -5*d + 5*y, 10 = 2*y. Let b(a) be the second derivative of a**5/20 - a**3/6 - 11*a**2 - 9*a. Give b(d).
-22
Let z(v) = -3*v + 6. Let t(b) = -3*b**2 - 4*b - 1. Let q be t(-2). Let h = 0 - q. Determine z(h).
-9
Suppose 4*g - t = g + 107, -4*g + 164 = 4*t. Let c(i) = -g + 15 - 4*i + 20 - i**2. Let j be (-2)/7 + (-26)/7. What is c(j)?
-2
Let k be (-6)/(-18)*(-40 - -1). Let n = -16 - k. Let x be n*(1*-4)/(-12). Let g(c) = 2*c**2 + 2*c + 1. Calculate g(x).
1
Let g(i) = 6 - 2 - 5 + 3*i + 3. Suppose -8 = 8*v - 4*v. Calculate g(v).
-4
Let y(s) = 3*s - 3. Suppose i = 2*q - 28, 2*i + 6 + 5 = q. Let d be (q/9)/(2/24). Suppose 0 = -4*p + d, -17 = -c - 2*p - 3. Give y(c).
9
Let m = -32 - -35. Suppose m = 2*f - 3*j - 11, -j + 32 = 3*f. Let i(s) = 0*s - s**2 - s - f + 14. Give i(0).
4
Let d(y) = -y**3 - 2*y**2 + 2*y + 2. Let f be ((-2)/(-2))/((-4)/(-28)). Suppose -f = 5*q - u + 1, -2*u - 10 = 3*q. Determine d(q).
-2
Let t(d) = -3*d**3 - 5*d - 6*d**2 + d**3 + d**3 + 0*d**3 + 3. What is t(-4)?
-9
Let t(g) = 9*g**2 + 3*g - 19. Let v(p) = 3*p + 8. Let k be v(-5). Let y(i) = -4*i**2 - 2*i + 9. Let q(x) = k*y(x) - 3*t(x). Give q(-7).
8
Let d(k) = k**3 + 13*k**2 + 13*k + 13. Let i be d(-12). Let l(m) = -4*m - 4*m + 3 - 7*m**2 + m**3 - 3 - i. Calculate l(8).
-1
Let v = -89 + 94. Let l(j) = -j**3 + 5*j**2 + 2*j - 7. Give l(v).
3
Let f(o) = 2*o + 3. Let s(j) = 7*j**3 + j**2 + 10*j + 9. Let n be s(-1). Calculate f(n).
-11
Let r(f) = 9*f + 4. Let v(m) = -18*m - 8. Let j(z) = 5*r(z) + 2*v(z). Give j(-3).
-23
Let h(w) be the second derivative of -w**6/120 + w**4/24 - 3*w**3/2 - w**2/2 + 8*w. Let g(m) be the first derivative of h(m). Determine g(0).
-9
Suppose -5*a = -0*a - 20. Let g(l) = -4*l + 3917*l**2 + 6 + 3914*l**2 - 7830*l**2. Calculate g(a).
6
Let x(t) = -t + 29. Let w be x(24). Let k(g) = -w*g**2 + 52*g - g**3 - 98*g + 51*g - 4. Determine k(-6).
2
Suppose 0 = -2*o + l + 14, -o - 2*l + 26 = 9. Let d(p) = 3*p - 16. Give d(o).
11
Let p(n) = -41*n + 45*n + 16 + 22 - 13*n. Give p(4).
2
Let d(p) = 3*p**2 - 14*p - 19. Let a(c) = -c**2 + 7*c + 9. Let r(k) = 5*a(k) + 2*d(k). Let v be r(-6). Let z(b) = 11*b + 1. What is z(v)?
12
Let n(z) = -z**2 + 4*z + 247. Let y be n(18). Let h(i) = i**2 + 6*i - 6. Calculate h(y).
-11
Suppose 3*g + 5*z = -12, -4*g - 3*z = 15 + 12. Let h(c) be the second derivative of -c**5/20 - 2*c**4/3 + 3*c**3/2 + 2*c**2 - c. Determine h(g).
4
Suppose -6*n - 185 = -11*n. Let i(y) = 31*y**3 + y + n*y**3 - 71*y**3. Give i(-1).
2
Let a(r) be the second derivative of 1/6*r**3 + 6*r + 1/6*r**4 + 0 + 5/2*r**2 + 1/60*r**5. Let q(y) be the first derivative of a(y). Calculate q(-5).
6
Let v(o) = -o**3 + 6*o**2 + 18*o - 14. Let i be 343/(-147) - (-93)/9. What is v(i)?
2
Let z(v) = -v**2 - v + 5. Let w = 89 - 85. Suppose w*l = -4*y + 8, 4*l + 2 = -y + 10. Determine z(y).
5
Let k(z) = z**2 - 6*z - 2. Let f(i) = i**2 - 7*i - 3. Let j(w) = -2*f(w) + 3*k(w). Let x be 5*(7 